on divisor of 1200443971 and 3109.
3109
What is the greatest common factor of 13924 and 98471?
59
What is the highest common factor of 658692 and 481707?
1539
Calculate the highest common divisor of 10323 and 21087099.
279
What is the greatest common divisor of 6148 and 17762964?
116
Calculate the greatest common divisor of 9348572 and 11560.
1156
Calculate the highest common factor of 80401998 and 5094.
1698
What is the greatest common factor of 222096 and 30688?
112
What is the greatest common factor of 168 and 67773153?
21
Calculate the highest common divisor of 14421 and 1497507.
759
Calculate the greatest common factor of 485118 and 1179.
9
Calculate the highest common factor of 5163067 and 91.
91
Calculate the greatest common divisor of 47866 and 166030059.
3419
What is the greatest common divisor of 68 and 482747028?
68
What is the greatest common factor of 495 and 53515440?
495
What is the greatest common divisor of 4112303 and 323?
19
What is the greatest common divisor of 244 and 4850842?
122
What is the highest common factor of 171318 and 8400?
42
Calculate the highest common factor of 33 and 12438899.
11
What is the greatest common divisor of 1078416820 and 65?
65
What is the highest common factor of 92785 and 10340?
55
What is the highest common factor of 1290 and 12823374?
258
What is the highest common factor of 598454 and 756134?
146
What is the greatest common factor of 76 and 3810602?
38
Calculate the highest common divisor of 43318 and 126374.
358
What is the highest common factor of 3280 and 39843472?
656
What is the greatest common divisor of 14262 and 920464726?
4754
Calculate the highest common factor of 1220002 and 365918.
826
What is the greatest common factor of 3691352 and 812?
812
What is the greatest common factor of 611592880 and 3580?
3580
What is the highest common factor of 5509 and 233?
1
What is the greatest common factor of 6112560012 and 757?
757
Calculate the highest common divisor of 232 and 77084378.
58
What is the highest common factor of 1115377 and 301?
43
What is the highest common divisor of 35503540 and 6728?
116
Calculate the greatest common divisor of 68036 and 94316.
292
Calculate the greatest common divisor of 747 and 20504628.
9
What is the highest common divisor of 243253 and 23310757?
5933
What is the greatest common divisor of 225962299 and 4348?
1087
Calculate the highest common factor of 373421982 and 74.
74
What is the greatest common divisor of 24411 and 1695483?
309
What is the highest common divisor of 612531 and 9?
9
Calculate the greatest common divisor of 27 and 27871443.
9
Calculate the greatest common divisor of 1328 and 1331142712.
664
Calculate the greatest common factor of 23388 and 73524076.
7796
Calculate the highest common factor of 207600 and 19820.
20
What is the greatest common divisor of 6553299 and 1329?
1329
Calculate the highest common divisor of 3520 and 81744640.
320
What is the highest common divisor of 126 and 24162498?
18
Calculate the highest common factor of 98 and 2287054.
14
Calculate the greatest common divisor of 391723 and 195667.
389
What is the greatest common divisor of 10403497 and 109369?
611
Calculate the highest common factor of 272 and 525864536.
136
What is the highest common factor of 959539581 and 693?
693
What is the highest common divisor of 326060 and 4165?
595
Calculate the greatest common factor of 10050495 and 5180.
1295
What is the greatest common factor of 640 and 10316848?
16
What is the highest common factor of 308 and 360833?
11
Calculate the highest common factor of 394 and 37580311.
197
Calculate the highest common divisor of 572 and 72308060.
44
Calculate the greatest common divisor of 380 and 2419745.
95
Calculate the greatest common divisor of 241 and 3809969.
241
Calculate the greatest common factor of 99 and 82010731.
11
Calculate the highest common divisor of 138 and 2530627854.
138
What is the highest common factor of 9 and 264915693?
9
Calculate the greatest common factor of 2258062 and 204996.
3106
Calculate the highest common factor of 7033 and 15337891.
541
Calculate the highest common divisor of 24 and 3098104.
8
Calculate the highest common factor of 2738523 and 2644.
661
Calculate the greatest common divisor of 27200 and 23239.
17
What is the highest common divisor of 4554015 and 2073945?
5415
What is the greatest common divisor of 161915 and 745420?
3055
Calculate the highest common factor of 71768136 and 1128.
24
Calculate the greatest common divisor of 6702133 and 783881.
991
What is the greatest common divisor of 10017 and 3992331?
1113
Calculate the greatest common factor of 668466435 and 105.
105
What is the greatest common divisor of 55296 and 44334?
54
What is the greatest common divisor of 5167838 and 1222?
1222
What is the greatest common divisor of 5699 and 2509?
1
What is the greatest common factor of 38717 and 53809?
7
Calculate the greatest common divisor of 20293920 and 130.
10
What is the greatest common factor of 135968 and 11984?
112
Calculate the greatest common divisor of 9264 and 7624.
8
What is the greatest common divisor of 138107492 and 8?
4
Calculate the greatest common divisor of 614836437 and 2553.
2553
Calculate the greatest common divisor of 1102250 and 600.
50
Calculate the greatest common divisor of 2748526 and 5984.
374
What is the greatest common divisor of 4813724 and 8?
4
What is the greatest common factor of 733970 and 55670?
190
What is the greatest common divisor of 426 and 2639434656?
426
What is the greatest common divisor of 10052 and 20057689?
359
What is the greatest common factor of 114730 and 9712416?
2086
Calculate the highest common factor of 3723408 and 326349.
1377
What is the greatest common factor of 1708 and 9851212?
28
Calculate the greatest common divisor of 756 and 1362294.
18
Calculate the highest common factor of 358645 and 14.
7
Calculate the highest common divisor of 234 and 3366558.
234
What is the highest common factor of 24600 and 2272056?
984
Calculate the highest common factor of 975144 and 47232.
984
What is the highest common divisor of 16891045 and 1252?
313
What is the highest common divisor of 15488 and 3261192?
968
Calculate the greatest common factor of 3451181124 and 12.
12
Calculate the highest common divisor of 69506604 and 1809.
603
Calculate the greatest common divisor of 67275 and 19835775.
5175
Calculate the highest common divisor of 7938058 and 24512.
766
What is the greatest common divisor of 444 and 769033308?
444
What is the greatest common factor of 25 and 7585225?
25
What is the highest common factor of 19049371 and 99?
11
What is the highest common factor of 37741725 and 1620?
45
What is the greatest common factor of 3304 and 1498504?
56
What is the highest common divisor of 73459645 and 2102?
1051
Calculate the greatest common divisor of 5409 and 310206751.
601
Calculate the greatest common divisor of 952 and 10213651.
119
What is the greatest common divisor of 10672 and 70288?
368
What is the highest common factor of 22 and 1900976?
22
What is the greatest common factor of 1488 and 295492?
124
Calculate the highest common divisor of 43080 and 3285.
15
Calculate the highest common factor of 2417842 and 238.
238
Calculate the highest common divisor of 334422 and 46926.
594
Calculate the greatest common factor of 27096256 and 16.
16
What is the highest common factor of 585 and 56449744?
13
Calculate the greatest common factor of 424 and 8360962.
106
Calculate the greatest common divisor of 389653 and 913.
11
What is the greatest common divisor of 2822 and 4392775?
83
What is the greatest common factor of 1001559 and 4575?
183
Calculate the highest common divisor of 582435624 and 276.
276
Calculate the greatest common divisor of 68821 and 73.
1
Calculate the greatest common factor of 8643 and 154155.
129
What is the greatest common divisor of 504 and 8199728?
8
What is the greatest common factor of 25157 and 1529?
11
Calculate the greatest common divisor of 448 and 846804.
28
Calculate the highest common divisor of 33463134 and 1476.
738
Calculate the greatest common factor of 16979493 and 5085.
339
Calculate the greatest common divisor of 582687 and 1701.
189
Calculate the greatest common factor of 12 and 143986968.
12
Calculate t